f + 200. Calculate b(6).
68
Let a(b) = 17180*b - 533368. Give a(31).
-788
Let y(s) = 54*s**3 - 3*s**2 + 397*s + 787. What is y(-2)?
-451
Let x(s) = 3*s**3 + 33992*s**2 + 169881*s + 7. Determine x(-5).
27
Let v(d) = d**3 + 5*d**2 - 364*d - 71. Calculate v(-21).
517
Let v(y) = y**3 - 157*y**2 + 255*y + 31886. Calculate v(154).
8
Let n(m) = 43*m - 138. Calculate n(-29).
-1385
Let m(h) = -h**3 - 30*h**2 + 225*h + 250. Give m(7).
12
Let b(h) = h**3 + 161*h**2 + 915*h - 25039. What is b(-154)?
63
Let t(g) = 6*g**3 - 5*g**2 - 12*g + 18. Calculate t(-4).
-398
Let s(y) = y**3 - 26*y**2 + 100*y + 111. Calculate s(6).
-9
Let j(g) = -g**2 - 122*g - 2499. Determine j(-27).
66
Let p(q) = q**3 + 107*q**2 + 1289*q - 1164. What is p(-93)?
45
Let s(t) = t**2 - 2020*t - 232053. Determine s(-109).
8
Let b(u) = -4*u**2 - 13835*u + 1350428. Calculate b(95).
3
Let h(k) = -15*k**3 + 220*k**2 - 633*k - 28. Give h(4).
0
Let i(q) = 1008*q**2 - 370949*q + 1849. Calculate i(368).
9
Let x(d) = d**3 + 27*d**2 + 149*d + 6. Calculate x(-18).
240
Let b(k) = 7081*k + 127159. Give b(-18).
-299
Let j(s) = -300*s**3 - 6*s**2 + 19*s - 16. Give j(1).
-303
Let o(n) = 2*n**2 + 1313*n - 263227. Give o(161).
8
Let d(v) = 15*v**3 - 824*v**2 - 70*v + 954. What is d(55)?
129
Let j(n) = -10*n**2 - 440*n - 2478. What is j(-6)?
-198
Let y(i) = 721*i - 3894. Determine y(7).
1153
Let t(u) = -u**2 - 2225*u - 44041. Give t(-20).
59
Let k(s) = -153*s**2 - 8111*s - 37. Calculate k(-53).
69
Let n(l) = 2340802*l - 2340798. Determine n(1).
4
Let b(f) = -6337*f + 38898. Determine b(6).
876
Let a(i) = -i**2 + 49*i - 850. Determine a(18).
-292
Let x(t) = -141*t**3 - 64*t**2 + 150*t - 39. Give x(2).
-1123
Let y(z) = 24*z**3 + 2014*z**2 - 161*z + 578. Determine y(-84).
-10
Let y(n) = -5962*n + 65047. What is y(11)?
-535
Let l(p) = -3077*p - 393852. Determine l(-128).
4
Let g(w) = -11*w**2 + 113*w + 115. Calculate g(14).
-459
Let y(a) = -a**3 + 41*a**2 - 141*a + 801. Calculate y(38).
-225
Let q(d) = 5800*d - 168235. Determine q(29).
-35
Let j(l) = -l**3 - 176*l**2 + 1562*l + 3. Give j(8).
723
Let d(l) = 2*l**3 + 141*l**2 + 1508*l + 175. Calculate d(-13).
6
Let r(k) = k**3 - 6*k**2 - 203*k + 2487. What is r(13)?
1031
Let r(v) = -2*v**3 - 45*v**2 - 73*v - 186. What is r(-22)?
936
Let t(j) = 2990*j + 2113861. Give t(-707).
-69
Let t(s) = -s**3 - s**2 - 284*s + 14142. What is t(20)?
62
Let n(j) = j**3 - 42*j**2 - 300*j + 11707. Calculate n(42).
-893
Let m(v) = 5155*v**2 - 36087*v - 23. Determine m(7).
-37
Let n(w) = 3*w**3 + 102*w**2 + 147*w - 1445. Calculate n(-32).
-5
Let f(y) = -349*y**2 + 504*y + 11. Calculate f(1).
166
Let w(y) = -101*y**3 - 703*y**2 + 22*y - 20. Give w(-7).
22
Let f(s) = 22196*s + 88813. Determine f(-4).
29
Let i(k) = -66*k**2 - 454*k - 100. What is i(-5)?
520
Let m(n) = 19*n**2 - 220*n - 94. Give m(12).
2
Let p(n) = n**3 - 56*n**2 + 1672*n - 15936. Determine p(15).
-81
Let z(n) = -647323*n + 5178609. Determine z(8).
25
Let d(h) = -1166807*h - 156352143. Give d(-134).
-5
Let j(k) = -2*k**3 - 111*k**2 - 807*k - 354. Calculate j(-8).
22
Let t(r) = 7*r**2 - 616*r + 8070. Determine t(72).
6
Let k(x) = -243*x + 180. What is k(5)?
-1035
Let u(z) = -472502*z - 3780024. Give u(-8).
-8
Let l(j) = -26*j**2 + 166*j + 8817. Determine l(22).
-115
Let q(g) = g**3 - 53*g**2 - 587*g + 1725. Determine q(62).
-73
Let k(f) = 239*f + 193. Determine k(1).
432
Let w(x) = -232*x**2 - 14842*x + 377. Determine w(-64).
-7
Let o(b) = -17392*b + 991257. What is o(57)?
-87
Let g(w) = -31*w**2 - 318*w - 2336. Calculate g(-8).
-1776
Let w(y) = y**3 - 1325*y**2 + 2025*y - 928122. Calculate w(1324).
2
Let a(s) = -18254*s - 949064. Determine a(-52).
144
Let a(w) = 243*w**3 - 4*w**2 - 83*w + 86. Give a(1).
242
Let p(q) = 9090*q - 28302. Give p(3).
-1032
Let k(m) = -225*m**2 - 1370*m - 20. What is k(-6)?
100
Let q(w) = 16*w**2 - 871*w + 2457. What is q(3)?
-12
Let n(w) = -539*w + 75467. Give n(140).
7
Let l(u) = -u**3 + 69*u**2 + 716*u - 40726. What is l(71)?
28
Let b(n) = -5*n**2 - 913*n - 3544. Calculate b(-4).
28
Let f(q) = -3167*q - 589091. Determine f(-186).
-29
Let y(h) = h**3 - 38*h**2 + 311*h - 692. Give y(6).
22
Let j(h) = -h**3 - 25*h**2 - 232*h - 3093. What is j(-21)?
15
Let s(z) = 146*z**2 + 2171*z - 494. Give s(-15).
-209
Let x(j) = -634*j - 41201. Determine x(-65).
9
Let m(a) = 61*a**3 - 225*a**2 - 49*a - 13. Determine m(4).
95
Let g(y) = 14827*y + 192737. What is g(-13)?
-14
Let p(o) = 45*o**2 - 7611*o - 22844. Calculate p(-3).
394
Let m(l) = -l**3 - 176*l**2 - 672*l + 2741. What is m(-172)?
-11
Let y(w) = -1184*w - 429796. Calculate y(-363).
-4
Let m(a) = -3*a**2 + 680*a - 5396. Determine m(8).
-148
Let p(x) = -23643*x - 47268. Determine p(-2).
18
Let j(f) = 2*f**3 - 504*f**2 - 1016*f - 16. Give j(254).
-16
Let r(p) = 247374*p - 1979014. Give r(8).
-22
Let r(w) = -87*w + 24959. Calculate r(287).
-10
Let a(h) = -11092*h**2 - 709884*h + 233. Calculate a(-64).
-23
Let g(w) = w**2 + 559*w - 10404. What is g(18)?
-18
Let a(y) = -44446*y - 61779937. Give a(-1390).
3
Let u(c) = -288*c + 26828. Give u(94).
-244
Let b(u) = 3*u**2 - 439*u + 6910. Determine b(19).
-348
Let f(g) = 380*g + 1162. Determine f(-3).
22
Let a(q) = -1466*q + 37033. What is a(25)?
383
Let k(b) = -12*b**3 + 1069*b**2 - 74*b - 1651. Determine k(89).
-316
Let r(z) = z**2 + 93*z - 3295. Calculate r(-120).
-55
Let w(v) = 4329*v - 718618. Calculate w(166).
-4
Let i(t) = -t**3 + 28*t**2 - 80*t + 873. Give i(25).
748
Let z(p) = -1938*p - 87431. Determine z(-45).
-221
Let j(h) = -199466*h - 797798. Determine j(-4).
66
Let c(n) = 14*n**2 - 401*n - 4317. Give c(37).
12
Let v(n) = 33009*n - 10562871. Determine v(320).
9
Let d(w) = 2*w**3 - 34*w**2 - 1695*w + 492. Give d(-22).
30
Let l(x) = 79265*x + 79251. Give l(-1).
-14
Let u(i) = -772*i - 2739. Determine u(-5).
1121
Let o(n) = 692*n**2 - 14*n + 16. Determine o(1).
694
Let h(m) = m**2 + 2340*m + 103270. What is h(-45)?
-5
Let h(p) = 3*p**2 - 59*p - 190. Give h(-3).
14
Let c(q) = -43978*q + 351854. Determine c(8).
30
Let o(z) = 3101*z - 573693. Give o(185).
-8
Let g(k) = -2034*k + 10230. Calculate g(5).
60
Let u(n) = -177*n - 16707. Calculate u(-94).
-69
Let u(n) = -607*n - 186. What is u(1)?
-793
Let b(k) = -k**2 - 4559*k + 22828. Give b(5).
8
Let o(v) = -33821*v - 2401286. Give o(-71).
5
Let l(f) = -75*f - 5532. Give l(-47).
-2007
Let i(j) = j**3 + 8*j**2 - 871*j + 2581. Determine i(3).
67
Let j(k) = -2*k**3 - 58*k**2 - 71*k + 969. What is j(-27)?
-30
Let y(k) = -k**2 + 540*k + 2153. Calculate y(-4).
-23
Let g(m) = -269*m - 42614. What is g(-153)?
-1457
Let u(p) = 145128*p + 8562558. Give u(-59).
6
Let k(d) = -18272*d + 36428. Give k(2).
-116
Let r(p) = 2*p**2 - 10064*p + 12567205. Give r(2732).
5
Let v(b) = -143*b**2 + 884*b - 189. Calculate v(6).
-33
Let x(w) = 2*w**2 - 98*w + 396. What is x(34)?
-624
Let j(v) = -8344*v - 2069314. What is j(-248)?
-2
Let c(o) = -30526*o - 91579. Determine c(-3).
-1
Let o(w) = -w**2 + 44807*w + 2287788. What is o(-51)?
30
Let h(x) = 4*x**2 + 839*x + 2162. Determine h(-207).
-115
Let o(a) = 18*a**2 - 1706*a + 7850. Give o(90).
110
Let k(c) = -9*c**3 + 241*c**2 + 31*c + 622. What is k(27)?
1
Let i(g) = 40580*g + 568195. Calculate i(-14).
75
Let a(j) = 15*j**2 + 1535*j - 2837. Determine a(-103).
-1807
Let f(h) = 128*h**2 - 244*h - 3. Determine f(2).
21
Let x(l) = 5*l**3 + 19*l**2 + 85*l + 577. What is x(-8)?
-1447
Let t(n) = 56731*n + 56709. Determine t(-1).
-22
Let w(b) = 3*b**2 - 1020*b + 21155. Determine w(20).
1955
Let m(b) = -2*b**3 + 257*b**2 - 3868*b + 429. Calculate m(111).
2316
Let w(b) = -399*b + 104868. Give w(277).
-5655
Let k(j) = -3*j**3 - 379*j**2 - 261*j - 17001. Calculate k(-126).
9
Let j(l) = -16*l**2 + 212*l + 159. Calculate j(14).
-9
Let s(f) = -89139*f + 1159217. What is s(13)?
410
Let c(f) = 124*f**2 - 250*f + 503. Calculate c(2).
499
Let u(n) = -39*n**2 + 336*n - 460. Give u(7).
-19
Let n(o) = -o**3 + 2*o**2 - 115*o + 1030. Give n(9).
-572
Let y(x) = 2*x**2 - 782*x + 21623. What is y(30)?
-37
Let j(z) = z**3 + 2306*z**2 - 98634*z + 754. Give j(42).
-2
Let a(j) = 9206*j - 8251. Determine a(1).
955
Let t(p) = -p**3 + 45*p**2 + 1477*p + 20. Calculate t(67).
221
Let h(g) = -g**3 - 49*g**2 - 634*g - 28114. Determine h(-48).
14
Let q(b) = b**3 + 106*